{"id":164,"date":"2020-03-24T09:36:10","date_gmt":"2020-03-24T08:36:10","guid":{"rendered":"http:\/\/regenbogenschule-weetzen.de\/?page_id=164"},"modified":"2026-03-12T12:23:15","modified_gmt":"2026-03-12T11:23:15","slug":"schulsozialarbeit","status":"publish","type":"page","link":"http:\/\/regenbogenschule-weetzen.de\/?page_id=164","title":{"rendered":"Schulsozialarbeit"},"content":{"rendered":"\n<p>Seit dem 01.01.2019 ist Frau <strong>Sybille Lau,<\/strong> als Schulsozialarbeiterin an der Regenbogenschule Weetzen t\u00e4tig. Seit dem 14.08.2025 wird Frau Lau von Frau <strong>Leonie Schreiber<\/strong> unterst\u00fctzt. Die Regenbogenschule hat nun zwei Schulsozialarbeiterinnen.<\/p>\n\n\n\n<p class=\"has-light-green-cyan-background-color has-background\"><strong>Angebote f\u00fcr Kinder<\/strong> <\/p>\n\n\n\n<ul class=\"wp-block-list\">\n<li>Sozialtraining in Klassen<\/li>\n\n\n\n<li>Beratung von Kindern und Eltern in sozialen Angelegenheiten und bei<br>der Suche nach&nbsp; passenden,<br>au\u00dferschulischen Bildungs- und Teilhabeangeboten <\/li>\n\n\n\n<li>Individuelles Training (je nach Anliegen und Bedarf \u2013 in R\u00fccksprache<br>mit den Eltern) <\/li>\n\n\n\n<li>Lern- und F\u00f6rderangebote f\u00fcr BuT-berechtigte Kinder <\/li>\n\n\n\n<li>Beratung in schwierigen Situationen und bei Problemen mit anderen<br>Sch\u00fclern und\/oder Lehrkr\u00e4ften<\/li>\n<\/ul>\n\n\n\n<p class=\"has-light-green-cyan-background-color has-background\"><strong>Angebote f\u00fcr Eltern<\/strong> <\/p>\n\n\n\n<ul class=\"wp-block-list\">\n<li>Sprechstunden f\u00fcr Eltern <\/li>\n\n\n\n<li>Konflikt- und Krisenintervention <\/li>\n\n\n\n<li>Hilfe und Beratung bei der Antragsstellung von BuT-Leistungen <\/li>\n\n\n\n<li>Beratung \u00fcber au\u00dferschulische Bildungs- und Teilhabeangebote <\/li>\n\n\n\n<li>Informationen zu unterschiedlichen Beratungssstellen bei sozialen,<br>finanziellen, beruflichen Problemen <\/li>\n<\/ul>\n\n\n\n<p class=\"has-light-green-cyan-background-color has-background\"><strong>So erreichen Sie die Schulsozialarbeit:<\/strong><\/p>\n\n\n\n<p>Am besten per Mail unter:<\/p>\n\n\n\n<p>schulsozialarbeit@regenbogenschule-weetzen.schulserver.de<\/p>\n\n\n\n<p><\/p>\n\n\n\n<p>oder telefonisch:<\/p>\n\n\n\n<p>05109-529817 (Frau Lau)<\/p>\n\n\n\n<p>05109-529814 (Frau Schreiber)<\/p>\n\n\n\n<p>Gerne k\u00f6nnen Sie ansonsten auch eine Nachricht bei der Klassenleitung oder im Sekretariat hinterlassen.<\/p>\n","protected":false},"excerpt":{"rendered":"<p>Seit dem 01.01.2019 ist Frau Sybille Lau, als Schulsozialarbeiterin an der Regenbogenschule Weetzen t\u00e4tig. Seit dem 14.08.2025 wird Frau Lau von Frau Leonie Schreiber unterst\u00fctzt. Die Regenbogenschule hat nun zwei Schulsozialarbeiterinnen. Angebote f\u00fcr Kinder Angebote f\u00fcr Eltern So erreichen Sie die Schulsozialarbeit: Am besten per Mail unter: schulsozialarbeit@regenbogenschule-weetzen.schulserver.de oder telefonisch: 05109-529817 (Frau Lau) 05109-529814 (Frau&hellip;<\/p>\n","protected":false},"author":1,"featured_media":0,"parent":16,"menu_order":1,"comment_status":"closed","ping_status":"closed","template":"","meta":{"footnotes":""},"class_list":["post-164","page","type-page","status-publish","hentry"],"_links":{"self":[{"href":"http:\/\/regenbogenschule-weetzen.de\/index.php?rest_route=\/wp\/v2\/pages\/164"}],"collection":[{"href":"http:\/\/regenbogenschule-weetzen.de\/index.php?rest_route=\/wp\/v2\/pages"}],"about":[{"href":"http:\/\/regenbogenschule-weetzen.de\/index.php?rest_route=\/wp\/v2\/types\/page"}],"author":[{"embeddable":true,"href":"http:\/\/regenbogenschule-weetzen.de\/index.php?rest_route=\/wp\/v2\/users\/1"}],"replies":[{"embeddable":true,"href":"http:\/\/regenbogenschule-weetzen.de\/index.php?rest_route=%2Fwp%2Fv2%2Fcomments&post=164"}],"version-history":[{"count":8,"href":"http:\/\/regenbogenschule-weetzen.de\/index.php?rest_route=\/wp\/v2\/pages\/164\/revisions"}],"predecessor-version":[{"id":1173,"href":"http:\/\/regenbogenschule-weetzen.de\/index.php?rest_route=\/wp\/v2\/pages\/164\/revisions\/1173"}],"up":[{"embeddable":true,"href":"http:\/\/regenbogenschule-weetzen.de\/index.php?rest_route=\/wp\/v2\/pages\/16"}],"wp:attachment":[{"href":"http:\/\/regenbogenschule-weetzen.de\/index.php?rest_route=%2Fwp%2Fv2%2Fmedia&parent=164"}],"curies":[{"name":"wp","href":"https:\/\/api.w.org\/{rel}","templated":true}]}}